4 = 4*f, 4*q = 3*f + 319. Let o = -53 + q. Calculate the remainder when 66 is divided by o.
20
Let t = -30 - -170. Suppose 2*r + 4*j = 0, 4*r = -0*r + j + 18. Suppose 0*b + 2*x = -r*b + t, 5*b = 4*x + 162. Calculate the remainder when b is divided by 9.
7
Let t(j) = -2*j + 6*j + 1 + 3 - j. Let r(p) = -p**3 - 2*p - 7. Calculate the remainder when r(-4) is divided by t(6).
21
Let f(r) = -5*r + 9 + 4*r + 2*r. Let n be f(-5). Suppose 5*q - 5*k - 25 = 0, -3*q = n*k + 8 - 44. What is the remainder when q is divided by 5?
3
Let h(j) = -548*j**3 - j**2 - 3*j - 1. Let w be h(-1). Let d = w + -352. What is the remainder when d is divided by 50?
47
Let u = -41 + 69. Suppose -3*s = 5*n - 78, -2*n + s + u = -s. Let g = 79 + -50. What is the remainder when g is divided by n?
14
Suppose 5*w - 150 = -2*m, 2*w = 9*m - 6*m + 41. Calculate the remainder when 139 is divided by w.
27
Calculate the remainder when 21 is divided by (-2)/(0 - (3 - 80/28)).
7
Let u = 66 + -21. Suppose -706*j - 54 = -709*j. What is the remainder when u is divided by j?
9
Let k(h) = 14*h**2 + 3. What is the remainder when 96 is divided by k(-2)?
37
Let c(h) = 0*h**3 + h**3 - 23*h**2 + 15 - 15*h + 9*h**2. Calculate the remainder when c(15) is divided by 4.
3
Let g be (-6 + 3)/(-3)*(1 + -1). Suppose g = -3*x - 6 + 12. Let b(c) = -c**2 + 4*c + 2. Calculate the remainder when x is divided by b(4).
0
Let t(r) = r**2 + 25*r - 219. What is the remainder when (-4)/4 + (-1 - -29) is divided by t(7)?
2
Let l = 79 + -81. Let h = 14 - 5. What is the remainder when h is divided by l - (4/(-1) - (2 - -2))?
3
Suppose -w = 0, 5*m = 4*w + 213 - 3. What is the remainder when 102 is divided by m?
18
Let x(u) = -2*u + 11. Let y be 16/(-16) + (1 - 0). Calculate the remainder when x(y) is divided by (12/10)/(4/10).
2
Let t(g) = 49*g**2 - 3*g - 3. Calculate the remainder when t(-1) is divided by 4.
1
Let i(f) = f**2 - 3*f - 5. What is the remainder when 86 is divided by i(6)?
8
Let p = 1865 + -1388. Calculate the remainder when p is divided by 37.
33
Suppose -4*q = -4*s + 23 + 5, -2*q = -2. Suppose s = -2*y, 0*v + y + 229 = 5*v. Let h = -3 - -15. Calculate the remainder when v is divided by h.
9
Let m = -1707 + 1937. Calculate the remainder when m is divided by 9.
5
Let i(w) = 2*w + 1. Suppose 2*p - 7 = 5*o, p + 2*o = -8 - 11. Let l be (p/(-15) + -1)*-5. Calculate the remainder when 19 is divided by i(l).
4
Let t be (-6)/10*(-6 + 11). What is the remainder when (10/3)/(3/36) is divided by 7/21 + (-41)/t?
12
Suppose 22 = 74*y - 73*y. What is the remainder when 240 is divided by y?
20
Let o = -66 - -173. Calculate the remainder when o is divided by (-260)/(-5)*1/2 - 4.
19
Let m(c) = 6*c**2 + c + 2. Let z be m(-2). Let f = -23 - -73. Let k = f - z. What is the remainder when k is divided by 14?
12
Suppose -f - 2363 = -0*f + 3*p, 0 = 5*p + 5. Let k be (-2)/(-11) - f/88. Suppose -2*r - r = -k. Calculate the remainder when r is divided by 4.
1
Calculate the remainder when 75 is divided by ((-3)/(-5) - 36/10)*-1.
0
Suppose -3*p - 16 = -7*p. What is the remainder when (-106)/(-7) + (5 - (-232)/(-56)) is divided by p?
0
Let t = 29 - 16. Let h = -276 + 299. What is the remainder when h is divided by t?
10
Let q = 69 + -12. What is the remainder when q is divided by (-1 + 26/(-4))*-2?
12
Suppose 788 = 46*j + 282. Calculate the remainder when 40 is divided by j.
7
Let t be -1 + 147 + 5 + (-5)/5. What is the remainder when (-114)/4*(7 + t/(-18)) is divided by 10?
8
Suppose -m + w + 7 = 0, w + 10 = 4*m + 6*w. Suppose -4*v - 22 = m*g - 66, -3*v + 33 = 5*g. Calculate the remainder when v is divided by 3.
2
Let c be (-4)/(-6) - (-3938)/(-66). Let s = c - -84. Let v(o) = o**2 + 7*o - 5. What is the remainder when v(6) is divided by s?
23
Let s = 28 - 9. Let r(a) = -48*a + 13. Let h be r(2). Let x = h + 87. What is the remainder when s is divided by x?
3
Let w(d) = -d**3 + 6*d**2 - 4*d + 15. Let h be w(6). Let j = 15 + -5. What is the remainder when 6/(1 + 7/h) is divided by j?
7
Suppose 7*t - 3*d = 3*t + 23, 0 = -2*t - d + 19. Let j(c) = -14*c + 2. Let q be j(-3). Suppose -q = -t*p + 4*p. Calculate the remainder when 19 is divided by p.
8
Suppose -7*t + 3*t = -i - 39, -4*i + 24 = 2*t. Suppose -4*p + t = 2*q - 32, -q - 5*p = -36. Let x = -5 - -7. Calculate the remainder when q is divided by x.
1
Suppose 56 = -9*a + 587. What is the remainder when a is divided by 29?
1
Let d(i) = 15*i**2 + 7*i - 24. What is the remainder when d(-5) is divided by 34?
10
Let h = 273 - 234. Calculate the remainder when h is divided by 4.
3
Suppose -5*c = 2*p - 3506, 2*c - 1532 + 147 = 5*p. What is the remainder when c is divided by 142?
132
Let m(x) = -9*x**2 - 75*x - 12. What is the remainder when 273 is divided by m(-8)?
9
Let l(b) = -2*b + 211. Calculate the remainder when l(-21) is divided by 63.
1
Suppose 5*m = -5*v, 0 = 8*v - 3*v - 4*m. Suppose g - 29 - 1 = v. Suppose 0 = 3*r, -3*q - g = -8*q + r. What is the remainder when 16 is divided by q?
4
Suppose -11*z = -15*z + 24. Suppose z*y - 205 = y. Calculate the remainder when y is divided by 21.
20
Let y = -93 - -88. Let w = -17 + 25. Calculate the remainder when y*(-4)/50 + 58/5 is divided by w.
4
Let j = -263 + 286. What is the remainder when 37 is divided by j?
14
Let n(q) = 3*q**2 - 4*q + 5. Let c be n(1). Suppose -4*m + 34 = 2*p, 29 = 3*p + c*m - 20. Calculate the remainder when 57 is divided by p.
12
Let h = 15 + -17. Let n(s) = 6*s. Calculate the remainder when (-1025)/(-20) - h/(-8) is divided by n(3).
15
Let j(q) = -40*q + 23. Let l(w) = -20*w + 11. Let m(a) = -6*j(a) + 11*l(a). Calculate the remainder when (-583)/(-7) + (-4)/14 is divided by m(3).
40
Suppose -n - 7 = -c - 3*n, 3*c = 4*n + 51. Let f = 417 + -355. Calculate the remainder when f is divided by c.
10
Let i(u) = -4*u + 5 + 3*u**3 + 63*u**2 - 29*u**2 - 35*u**2. Calculate the remainder when 100 is divided by i(2).
15
Let t(l) = -l. Let c(k) = -8*k + 21. Let x(a) = c(a) + t(a). Calculate the remainder when 142 is divided by x(-3).
46
Suppose 244*o - 264*o = -1260. What is the remainder when 692 is divided by o?
62
Let y = -73 + 110. Calculate the remainder when y is divided by 0 - -3 - ((-2 - 23) + 9).
18
Let i(p) = p**2 - 11*p - 4. Let f be i(11). Suppose 0 = v - 0*v - 12. What is the remainder when (-6)/f*(186/9 - -2) is divided by v?
10
Let x(s) = s**3 - 17*s**2 + 53*s - 24. What is the remainder when x(15) is divided by 18?
15
Suppose -4*k + 3*x - 2 + 252 = 0, -4*k + 2*x + 252 = 0. What is the remainder when k is divided by 26?
12
Let m(y) = -2*y + 48. Let o be m(22). What is the remainder when 39 is divided by (21/2)/(o/8)?
18
Let j(l) = l**3 + 3*l**2 + 2*l - 2. Let z be (24/(-20))/(2/5). Let t be j(z). Calculate the remainder when 18 is divided by (-34)/t - (-9)/12.
3
Let j(f) = f - 4*f - 3 + 5. Let p = 158 - 162. What is the remainder when j(p) is divided by 5?
4
Let f(g) = 3*g - 52. What is the remainder when (-28)/(-2)*6/12 is divided by f(19)?
2
Let f(w) = 3*w**2 + 48*w + 33. Calculate the remainder when f(-19) is divided by 27.
15
Calculate the remainder when ((102/(-18))/(-17))/(1/1914) is divided by 92.
86
What is the remainder when 408 is divided by -19*(36/6)/(-3) - -3?
39
Suppose 13*l = -20*l + 363. Calculate the remainder when 93 is divided by l.
5
Suppose -6*p + 2*p + 4 = 0. Let c = 53 + -18. What is the remainder when c + (p - (0 + 3)) is divided by 12?
9
Suppose -43*f + 990 = 130. What is the remainder when 60 is divided by f?
0
Suppose -a = -3*w + 309, 2*w - 5*a - 308 + 115 = 0. What is the remainder when w is divided by 15?
14
Suppose -3*p = -3*m, -p + 3*m = 4 - 0. Suppose 2*i = -p*r + 3*r, r - 4*i - 4 = 0. Calculate the remainder when ((-22)/r)/(1/2) is divided by 6.
5
Let c(h) = -h**2 - 30*h - 132. Calculate the remainder when c(-11) is divided by 38.
1
Let t(g) = 60*g + 32. What is the remainder when t(2) is divided by 83?
69
Let y = 20 + -49. What is the remainder when 1 + 30 - (25 + y) is divided by 12?
11
Suppose -5*s + 14*m = 16*m - 535, 0 = s + 3*m - 94. Calculate the remainder when s is divided by 58.
51
Let l(x) = 19 + x**2 + 6*x + 2*x - 8*x + 4*x. Calculate the remainder when l(-11) is divided by 25.
21
Let l be -4 - -5 - (2 - -24). Let v(g) = -g**2 - 23*g - 26. Let x be v(-19). Let k = l +